294 - i - 292. What is the tens digit of o(1)?
3
Let u(h) = h**2 - 2*h - 77. What is the units digit of u(20)?
3
Suppose 3*c + 7*c - 9460 = 0. What is the tens digit of c?
4
Suppose -2*w - 18 = 4. Let r = 13 + w. Suppose 2 = -r*g + 3*g. What is the units digit of g?
2
Suppose -18468 = -6*y - 4026. What is the units digit of y?
7
Let c(p) = 27*p**2 - 22*p - 92. What is the hundreds digit of c(-10)?
8
Suppose -5*x = n - 60, 5*n - 4*n + 36 = 3*x. Suppose -w + x = -7. What is the tens digit of w?
1
Let c be 4/(-18) + (-102)/27. Let z(g) = 2*g**2 + 6*g. What is the units digit of z(c)?
8
Let s(w) = 20*w + 52. What is the tens digit of s(10)?
5
Let r = 298 - 128. Let g = r + -238. Let t = g + 123. What is the tens digit of t?
5
Let a be 78 - 1 - (-1 + 2). Suppose -4*g + a - 28 = 0. Let y = g - -3. What is the tens digit of y?
1
Suppose -15*v = -20*v + 25. Suppose 5*o = -i + 390, v*o + 0*i - 2*i = 405. What is the units digit of o?
9
Let h = 4 - 2. Let r be (32/(-20))/(h/70). Let g = -40 - r. What is the tens digit of g?
1
Let s = 3874 + -2290. What is the thousands digit of s?
1
Let w(t) = -t**2 - 11*t - 23. Let q be w(-7). Suppose -q*j + 1325 = -5*f, -4*j - 2*f + 530 = -2*j. What is the units digit of j?
5
Let m(o) = 2*o**2 + 8*o - 9. Let u be m(-7). Suppose 0*l - 4*l + 2*w = -6, -u = -2*l - 5*w. What is the units digit of l?
4
Suppose 2*z = -z - 2*y + 1304, 4*z = 2*y + 1720. Suppose -z = -0*s - 3*s. Suppose s = 5*v + 4*j, -4*v - 2*j = 1 - 121. What is the tens digit of v?
3
Let l be (-4)/(-10) + 1176/60. Suppose l = -m + 33. What is the tens digit of m?
1
Let y be (4 + -2)*-1 - 2. What is the units digit of y/1 + (-16)/(-1)?
2
What is the hundreds digit of (272/56)/(2/322)?
7
Suppose i + i = 5*v + 3253, -3*i + 2*v + 4907 = 0. What is the thousands digit of i?
1
Let a = 3197 + -1876. What is the tens digit of a?
2
Suppose -3*s - 16 = -112. Suppose 39*k - 40*k + s = 0. What is the tens digit of k?
3
Suppose 37*t - 193 = -45. What is the units digit of t?
4
Let l(d) = -d + 13. Let b(q) = q - 38 + 3*q - q. Let s(h) = -3*b(h) - 8*l(h). What is the tens digit of s(0)?
1
Let l(b) = 42*b + 15. What is the units digit of l(2)?
9
Let k = -8 - -23. Suppose k = -5*g - 165. What is the units digit of (g - 1)/((-2)/4)?
4
Suppose 2*d = 2*x + 2 + 48, -29 = -d - 3*x. Let b(h) = 3*h + 10 + 12 + 2*h**2 - d. What is the tens digit of b(-4)?
1
Suppose 2030 = -7*a + 8862. What is the units digit of a?
6
Suppose -2*c - 4*m + 750 = 0, 4*m - 1371 = -4*c + 145. What is the tens digit of c?
8
Let x(r) = 26*r**2 - r. Let i be x(-2). Let z = i - 35. What is the tens digit of z?
7
Suppose -3*v - 3 = -0*v + 3*a, -5*a = -v + 5. What is the tens digit of v/(-2) - (-11)/((-55)/(-280))?
5
Let q = 539 - 147. What is the tens digit of q?
9
Let u be 6*((-20)/12 - 1). Let r = -13 - u. What is the units digit of r?
3
What is the units digit of 1770 + (10 - 25/5)?
5
Suppose 2*m - 340 = 4*s, -3*m + 518 = s - 20. What is the units digit of m?
8
Let l(c) be the third derivative of c**6/72 + c**5/40 + c**4/8 - c**3 + 3*c**2. Let f(w) be the first derivative of l(w). What is the tens digit of f(-2)?
1
Let h = 195 - -591. Suppose 5*u - 20 = 0, 0 = -3*m + u + 2*u + h. What is the hundreds digit of m?
2
Let z(j) = j**2 - 4*j - 1. Let o be z(5). Suppose -8 = o*k - 84. Let u = -17 + k. What is the units digit of u?
2
Let h be (6*3/(-1))/(-1). Suppose 255 - 80 = 5*k. Let n = k - h. What is the tens digit of n?
1
Suppose -5*g + 5*t + 1562 + 463 = 0, 2 = 2*t. What is the hundreds digit of g?
4
Let a(c) = c - 13. Let q be a(13). Let w(d) = -d - 2. Let z be w(q). What is the units digit of (-4)/z + 27 + -3?
6
Let w be 8*((-12)/(-2) + 2). Suppose a - w = -a. Suppose 0 = -0*y + 4*y - a. What is the units digit of y?
8
Let l(o) = o + 6. Let w be l(-4). Suppose m = w*m - 4*b - 45, 0 = 3*m + 2*b - 79. What is the tens digit of m?
2
Suppose 5*o - 65 - 205 = 0. Let u = o - 29. What is the units digit of u?
5
Let u = -5 + 8. Let h(k) = -2*k**3 - u*k + 4*k**3 + 4*k - 3*k + 3 - 2*k**2. What is the units digit of h(2)?
7
Suppose r + 3*s = 11 + 3, -5*r + 2*s + 155 = 0. Let g = r - 20. What is the units digit of g?
9
Let m(a) = -20*a - 4. Let h be m(-5). Suppose 0 = -4*p - 3*q + h, -2*p = 3*q - 36 - 12. Suppose -3*j = -7*j + p. What is the units digit of j?
6
What is the tens digit of (4 + -10)/(-3*(-2)/(-2724))?
2
Let o(l) = 27*l**2 + 10*l + 16. What is the tens digit of o(-4)?
0
Suppose -2*d + 3992 = 2*o, -2*o - 9952 = 3*d - 8*d. What is the hundreds digit of d?
9
Let q(v) = -5*v + 18. Let s(z) = -z + 3. Let g(h) = 6*q(h) - 34*s(h). Let i be g(-3). What is the units digit of (i/12)/(1/(-10))?
5
Let q be (-2 - (1 - 1))*-5. Let h = -13 + q. What is the units digit of (10/15)/((-2)/h)?
1
Let o be 1420/9 + 10/45. Suppose 37*f = 35*f + o. What is the tens digit of f?
7
Let f(o) = -o**3 - 7*o**2 - 8*o - 2. Let q be f(-3). What is the units digit of (-3 - -1)*q/4?
7
Let q be (2/5)/((-1)/(-80)). What is the units digit of (48/q)/(2/4)?
3
Suppose -8 = -3*t - 20, -226 = -d + 4*t. What is the units digit of (5/(-10) + 1)*d?
5
Suppose 22*k = -7*k + 17168. What is the tens digit of k?
9
Let p = -7 - -10. Suppose p*b + 0*n = 5*n + 43, 0 = -4*n - 20. What is the units digit of b?
6
Let h = 915 + 356. What is the tens digit of h?
7
Let y(x) = -x**3 + 14*x**2 - 14*x + 12. Let g be y(13). Let u = g - -14. What is the units digit of u?
3
Let r(c) = c**2 - 12*c - 7. Let n be r(-9). What is the tens digit of 2*((3 - 7) + n/4)?
8
What is the tens digit of ((-2406)/4*-1)/((-219)/(-438))?
0
Suppose -27*b + 4347 = -189. What is the units digit of b?
8
Suppose 13*m - 8104 + 1435 = 0. What is the hundreds digit of m?
5
Suppose -3*r = 5*m - 2*r - 16, 24 = m - 5*r. Let u(h) = 12*h + 2. Let n be u(m). Let z = n - 33. What is the tens digit of z?
1
Let z = -76 - -793. What is the hundreds digit of z?
7
Suppose 2*s = -s. Let l be 0/(-3 - -5) - s. Suppose 2*y - 16 = -2*q + 12, l = -5*q + 20. What is the units digit of y?
0
Let z(d) = -137*d + 3781. What is the hundreds digit of z(0)?
7
Let o = 8 + 17. Suppose -o*r = -22*r - 489. What is the tens digit of r?
6
Suppose -o + z - 36 = -478, 886 = 2*o - 4*z. Suppose 0 = 41*i - 32*i - o. What is the tens digit of i?
4
Let n = 132 + -124. What is the units digit of n?
8
Let z(k) = 5 + 16*k + 6*k**2 - 9*k + 2 - 12*k - k**3. Suppose f = 6 - 1. What is the units digit of z(f)?
7
Let o(d) = -1. Let p(c) = 49*c + 4. Let y(z) = 3*o(z) - p(z). What is the tens digit of y(-2)?
9
Let a = -977 - -1609. What is the hundreds digit of a?
6
Let a(m) = 29*m + 70. What is the tens digit of a(15)?
0
Let z be (-24)/30 - (-992)/40. Let m be 20/2 - (-1 + 1). Suppose z = -m*n + 11*n. What is the units digit of n?
4
Suppose -l = 2*y - 1 + 3, -4*l + 2*y + 2 = 0. Suppose l*c - 8 = -4*c. Suppose 5*q = c*w - 129, 74 - 278 = -3*w + 4*q. What is the tens digit of w?
7
Let r = -92 - -211. Suppose -40 = k - r. What is the tens digit of k?
7
Let s = 7 + -2. Suppose 2*c - 8 = -2*c, 5*l = s*c + 330. What is the units digit of l?
8
Let g = -129 + 33. Let u = -60 - g. What is the units digit of u?
6
Let k(f) = 4*f**2 - f - 7. Let l be k(-3). Let c = 116 - l. What is the units digit of c?
4
Suppose -11*f + 33201 = 20*f. What is the units digit of f?
1
Let w(s) = 6*s**3 - 4*s**2 - 6*s - 4. Let v be w(-2). Let g = -23 - v. What is the units digit of g?
3
Let q be (17 - 20) + (-1)/((-1)/8). What is the units digit of ((-160)/48)/(((-5)/6)/q)?
0
Suppose 0 = -4*m + 1 + 19. Suppose 3*z - s = 0, 5*s + m = -3*z + 23. What is the units digit of (-1)/((-2 + 1)*z)?
1
Let f = -997 + 1902. What is the units digit of f?
5
Let m be (-23 - 1) + -2*1. What is the tens digit of m/(-91) - 1312/(-14)?
9
Suppose 4*y - 12 - 8 = 0, -5*y = 5*x - 25. Suppose x = -2*b + 10. Suppose l - 31 = b*w, l - 23 = -0*w + 3*w. What is the tens digit of l?
1
Suppose 0 = -3*v + 4*f + 8, 4*f + f = -2*v + 13. Suppose 2*k - 16 = 3*r, -5*k + 19 = -r + v*r. Let w(q) = -2*q**3 - 3*q - 3. What is the tens digit of w(r)?
1
Let p = 165 - -367. What is the tens digit of p?
3
Let b = 1059 - 602. What is the units digit of b?
7
What is the hundreds digit of (-9 - 394/(-8))/(2/48)?
9
Let b be (-109)/2 - (-9)/6. Let i = 9 - b. Suppose -2*c - i = -3*c + 5*l, 5*c - 264 = 2*l. What is th